actors of 1955.
5, 17, 23
What are the prime factors of 995?
5, 199
What are the prime factors of 16420?
2, 5, 821
What are the prime factors of 1541?
23, 67
List the prime factors of 51780.
2, 3, 5, 863
What are the prime factors of 263?
263
What are the prime factors of 23279?
23279
What are the prime factors of 3592?
2, 449
List the prime factors of 5369.
7, 13, 59
List the prime factors of 5494.
2, 41, 67
What are the prime factors of 3368?
2, 421
What are the prime factors of 17133?
3, 5711
What are the prime factors of 45990?
2, 3, 5, 7, 73
List the prime factors of 14770.
2, 5, 7, 211
List the prime factors of 933.
3, 311
What are the prime factors of 4487?
7, 641
What are the prime factors of 30648?
2, 3, 1277
List the prime factors of 2853.
3, 317
What are the prime factors of 45467?
19, 2393
List the prime factors of 79007.
41, 47
What are the prime factors of 7759?
7759
List the prime factors of 1459.
1459
What are the prime factors of 566?
2, 283
List the prime factors of 982.
2, 491
List the prime factors of 8624.
2, 7, 11
What are the prime factors of 37394?
2, 7, 2671
List the prime factors of 558.
2, 3, 31
List the prime factors of 3444.
2, 3, 7, 41
What are the prime factors of 2613?
3, 13, 67
List the prime factors of 20199.
3, 6733
What are the prime factors of 2612?
2, 653
What are the prime factors of 1317?
3, 439
What are the prime factors of 3091?
11, 281
List the prime factors of 633.
3, 211
What are the prime factors of 13324?
2, 3331
What are the prime factors of 4783?
4783
What are the prime factors of 77234?
2, 23, 73
List the prime factors of 33910.
2, 5, 3391
List the prime factors of 38.
2, 19
What are the prime factors of 1411?
17, 83
What are the prime factors of 1965?
3, 5, 131
List the prime factors of 38113.
38113
What are the prime factors of 30890?
2, 5, 3089
What are the prime factors of 80144?
2, 5009
List the prime factors of 1969.
11, 179
What are the prime factors of 2202?
2, 3, 367
List the prime factors of 5926.
2, 2963
What are the prime factors of 9475?
5, 379
What are the prime factors of 11363?
11, 1033
What are the prime factors of 983?
983
What are the prime factors of 22519?
7, 3217
What are the prime factors of 424?
2, 53
What are the prime factors of 2959?
11, 269
List the prime factors of 757.
757
What are the prime factors of 21236?
2, 5309
What are the prime factors of 9147?
3, 3049
List the prime factors of 3740.
2, 5, 11, 17
What are the prime factors of 9873?
3, 1097
List the prime factors of 1947.
3, 11, 59
What are the prime factors of 2595?
3, 5, 173
What are the prime factors of 32450?
2, 5, 11, 59
What are the prime factors of 44253?
3, 11, 149
List the prime factors of 9373.
7, 13, 103
What are the prime factors of 3302?
2, 13, 127
List the prime factors of 12104.
2, 17, 89
List the prime factors of 606.
2, 3, 101
What are the prime factors of 1832?
2, 229
List the prime factors of 4676.
2, 7, 167
What are the prime factors of 1314?
2, 3, 73
List the prime factors of 3147.
3, 1049
What are the prime factors of 67?
67
What are the prime factors of 972?
2, 3
What are the prime factors of 23726?
2, 11863
What are the prime factors of 792?
2, 3, 11
List the prime factors of 43822.
2, 21911
List the prime factors of 769.
769
What are the prime factors of 56999?
56999
List the prime factors of 12064.
2, 13, 29
What are the prime factors of 422?
2, 211
List the prime factors of 45299.
97, 467
What are the prime factors of 963?
3, 107
List the prime factors of 39469.
29, 1361
List the prime factors of 35370.
2, 3, 5, 131
List the prime factors of 26542.
2, 23, 577
List the prime factors of 7348.
2, 11, 167
What are the prime factors of 6972?
2, 3, 7, 83
List the prime factors of 7489.
7489
List the prime factors of 227.
227
List the prime factors of 119.
7, 17
List the prime factors of 478.
2, 239
What are the prime factors of 1409?
1409
List the prime factors of 3904.
2, 61
List the prime factors of 9714.
2, 3, 1619
List the prime factors of 15333.
3, 19, 269
List the prime factors of 93348.
2, 3, 2593
List the prime factors of 9888.
2, 3, 103
What are the prime factors of 2619?
3, 97
What are the prime factors of 122153?
23, 47, 113
What are the prime factors of 43006?
2, 21503
What are the prime factors of 57?
3, 19
List the prime factors of 10882.
2, 5441
List the prime factors of 2236.
2, 13, 43
What are the prime factors of 884?
2, 13, 17
What are the prime factors of 4955?
5, 991
List the prime factors of 174297.
3, 58099
What are the prime factors of 25829?
23, 1123
What are the prime factors of 8147?
8147
List the prime factors of 11458.
2, 17, 337
What are the prime factors of 37489?
37489
What are the prime factors of 24587?
23, 1069
List the prime factors of 28915.
5, 5783
What are the prime factors of 4293?
3, 53
What are the prime factors of 11971?
11971
What are the prime factors of 22920?
2, 3, 5, 191
What are the prime factors of 93881?
269, 349
What are the prime factors of 51543?
3, 23, 83
What are the prime factors of 748?
2, 11, 17
List the prime factors of 34167.
3, 7, 1627
What are the prime factors of 1699?
1699
List the prime factors of 3242.
2, 1621
What are the prime factors of 49?
7
What are the prime factors of 222?
2, 3, 37
What are the prime factors of 1869?
3, 7, 89
What are the prime factors of 5454?
2, 3, 101
List the prime factors of 13917.
3, 4639
What are the prime factors of 118424?
2, 113, 131
List the prime factors of 24394.
2, 12197
List the prime factors of 43249.
61, 709
What are the prime factors of 11630?
2, 5, 1163
List the prime factors of 16066.
2, 29, 277
List the prime factors of 10249.
37, 277
What are the prime factors of 1120?
2, 5, 7
What are the prime factors of 1202?
2, 601
List the prime factors of 3506.
2, 1753
List the prime factors of 4092.
2, 3, 11, 31
What are the prime factors of 47630?
2, 5, 11, 433
List the prime factors of 4898.
2, 31, 79
List the prime factors of 23734.
2, 11867
List the prime factors of 39565.
5, 41, 193
List the prime factors of 19134.
2, 3, 1063
List the prime factors of 331.
331
What are the prime factors of 6517?
7, 19
List the prime factors of 15039.
3, 557
What are the prime factors of 5053?
31, 163
List the prime factors of 14529.
3, 29, 167
What are the prime factors of 2759?
31, 89
What are the prime factors of 17428?
2, 4357
List the prime factors of 48748.
2, 7, 1741
What are the prime factors of 4158?
2, 3, 7, 11
What are the prime factors of 86694?
2, 3, 14449
What are the prime factors of 1633?
23, 71
List the prime factors of 3681.
3, 409
What are the prime factors of 11721?
3, 3907
What are the prime factors of 7589?
7589
List the prime factors of 100180.
2, 5, 5009
List the prime factors of 14232.
2, 3, 593
What are the prime factors of 977?
977
List the prime factors of 1453.
1453
List the prime factors of 3.
3
What are the prime factors of 8131?
47, 173
List the prime factors of 221.
13, 17
List the prime factors of 6407.
43, 149
What are the prime factors of 11310?
2, 3, 5, 13, 29
List the prime factors of 42810.
2, 3, 5, 1427
List the prime factors of 31172.
2, 7793
What are the prime factors of 185546?
2, 113, 821
What are the prime factors of 2160?
2, 3, 5
What are the prime factors of 6865?
5, 1373
List the prime factors of 1954.
2, 977
What are the prime factors of 1439?
1439
List the prime factors of 998.
2, 499
List the prime factors of 119154.
2, 3, 7, 2837
What are the prime factors of 2952?
2, 3, 41
List the prime factors of 22904.
2, 7, 409
What are the prime factors of 96831?
3, 7, 29, 53
List the prime factors of 24543.
3, 101
List the prime factors of 7330.
2, 5, 733
What are the prime factors of 3444?
2, 3, 7, 41
List the prime factors of 6844.
2, 29, 59
What are the prime factors of 13125?
3, 5, 7
List the prime factors of 214.
2, 107
What are the prime factors of 2630?
2, 5, 263
List the prime factors of 5044.
2, 13, 97
What are the prime factors of 332?
2, 83
What are the prime factors of 137704?
2, 7, 2459
What are the prime factors of 6719?
6719
List the prime factors of 24679.
23, 29, 37
What are the prime factors of 3082?
2, 23, 67
List the prime factors of 157413.
3, 137, 383
What are the prime factors of 19084?
2, 13, 367
List the prime factors of 778.
2,